{"id":17,"date":"2021-08-09T15:45:34","date_gmt":"2021-08-09T13:45:34","guid":{"rendered":"http:\/\/chateaudeseix.fr\/?page_id=17"},"modified":"2023-02-14T15:27:51","modified_gmt":"2023-02-14T14:27:51","slug":"bienvenue-au-chateau","status":"publish","type":"page","link":"https:\/\/chateaudeseix.fr\/?page_id=17","title":{"rendered":"Bienvenue au ch\u00e2teau !"},"content":{"rendered":"\t\t<div data-elementor-type=\"wp-page\" data-elementor-id=\"17\" class=\"elementor elementor-17\">\n\t\t\t\t\t\t<section class=\"elementor-section elementor-top-section elementor-element elementor-element-89acc74 elementor-section-boxed elementor-section-height-default elementor-section-height-default\" data-id=\"89acc74\" data-element_type=\"section\">\n\t\t\t\t\t\t<div class=\"elementor-container elementor-column-gap-default\">\n\t\t\t\t\t<div class=\"elementor-column elementor-col-100 elementor-top-column elementor-element elementor-element-5bfc381\" data-id=\"5bfc381\" data-element_type=\"column\">\n\t\t\t<div class=\"elementor-widget-wrap elementor-element-populated\">\n\t\t\t\t\t\t<div class=\"elementor-element elementor-element-7312d6f elementor-widget elementor-widget-heading\" data-id=\"7312d6f\" data-element_type=\"widget\" data-widget_type=\"heading.default\">\n\t\t\t\t<div class=\"elementor-widget-container\">\n\t\t\t<h2 class=\"elementor-heading-title elementor-size-default\">D\u00e9couvrez l'histoire du Ch\u00e2teau de Seix...<\/h2>\t\t<\/div>\n\t\t\t\t<\/div>\n\t\t\t\t\t<\/div>\n\t\t<\/div>\n\t\t\t\t\t<\/div>\n\t\t<\/section>\n\t\t\t\t<section class=\"elementor-section elementor-top-section elementor-element elementor-element-517615e elementor-section-boxed elementor-section-height-default elementor-section-height-default\" data-id=\"517615e\" data-element_type=\"section\">\n\t\t\t\t\t\t<div class=\"elementor-container elementor-column-gap-default\">\n\t\t\t\t\t<div class=\"elementor-column elementor-col-100 elementor-top-column elementor-element elementor-element-44f5a97\" data-id=\"44f5a97\" data-element_type=\"column\">\n\t\t\t<div class=\"elementor-widget-wrap elementor-element-populated\">\n\t\t\t\t\t\t<div class=\"elementor-element elementor-element-fda407e elementor-widget elementor-widget-image\" data-id=\"fda407e\" data-element_type=\"widget\" data-widget_type=\"image.default\">\n\t\t\t\t<div class=\"elementor-widget-container\">\n\t\t\t\t\t\t\t\t\t\t\t\t\t<img fetchpriority=\"high\" decoding=\"async\" width=\"1024\" height=\"606\" src=\"https:\/\/chateaudeseix.fr\/wp-content\/uploads\/2023\/02\/372-1024x606.jpg\" class=\"attachment-large size-large wp-image-95\" alt=\"\" srcset=\"https:\/\/chateaudeseix.fr\/wp-content\/uploads\/2023\/02\/372-1024x606.jpg 1024w, https:\/\/chateaudeseix.fr\/wp-content\/uploads\/2023\/02\/372-300x177.jpg 300w, https:\/\/chateaudeseix.fr\/wp-content\/uploads\/2023\/02\/372-768x454.jpg 768w, https:\/\/chateaudeseix.fr\/wp-content\/uploads\/2023\/02\/372-1536x909.jpg 1536w, https:\/\/chateaudeseix.fr\/wp-content\/uploads\/2023\/02\/372.jpg 1572w\" sizes=\"(max-width: 1024px) 100vw, 1024px\" \/>\t\t\t\t\t\t\t\t\t\t\t\t\t<\/div>\n\t\t\t\t<\/div>\n\t\t\t\t\t<\/div>\n\t\t<\/div>\n\t\t\t\t\t<\/div>\n\t\t<\/section>\n\t\t\t\t<section class=\"elementor-section elementor-top-section elementor-element elementor-element-51512bc elementor-section-boxed elementor-section-height-default elementor-section-height-default\" data-id=\"51512bc\" data-element_type=\"section\">\n\t\t\t\t\t\t<div class=\"elementor-container elementor-column-gap-default\">\n\t\t\t\t\t<div class=\"elementor-column elementor-col-100 elementor-top-column elementor-element elementor-element-9362744\" data-id=\"9362744\" data-element_type=\"column\">\n\t\t\t<div class=\"elementor-widget-wrap\">\n\t\t\t\t\t\t\t<\/div>\n\t\t<\/div>\n\t\t\t\t\t<\/div>\n\t\t<\/section>\n\t\t\t\t<section class=\"elementor-section elementor-top-section elementor-element elementor-element-a1ced0b elementor-section-boxed elementor-section-height-default elementor-section-height-default\" data-id=\"a1ced0b\" data-element_type=\"section\">\n\t\t\t\t\t\t<div class=\"elementor-container elementor-column-gap-default\">\n\t\t\t\t\t<div class=\"elementor-column elementor-col-100 elementor-top-column elementor-element elementor-element-bdfafd7\" data-id=\"bdfafd7\" data-element_type=\"column\">\n\t\t\t<div class=\"elementor-widget-wrap elementor-element-populated\">\n\t\t\t\t\t\t<div class=\"elementor-element elementor-element-b9c0cac elementor-widget elementor-widget-text-editor\" data-id=\"b9c0cac\" data-element_type=\"widget\" data-widget_type=\"text-editor.default\">\n\t\t\t\t<div class=\"elementor-widget-container\">\n\t\t\t\t\t\t\t<p>Surplombant les toits du village de Seix, le ch\u00e2teau, avec ses deux tours, son \u00e9chauguette et son mur d\u2019enceinte, est un des \u00e9l\u00e9ments les plus remarquables du patrimoine du Couserans.<\/p><p><strong><em>Quelques si\u00e8cles d\u2019histoire<\/em><\/strong><\/p><p>Les plus anciens t\u00e9moignages historiques sur l\u2019occupation du ch\u00e2teau datent du XVI<sup>\u00e8me <\/sup>si\u00e8cle. A cette \u00e9poque, l\u2019\u00e9difice, jusqu\u2019alors utilis\u00e9 par les repr\u00e9sentants du village, les consuls, devient la propri\u00e9t\u00e9 des vicomtes de Casa Balbi, famille noble d\u2019origine italienne alli\u00e9e aux Lomagne, vicomtes du Couserans.<\/p><p>Faute de documents d\u2019archives, on ne sait si le b\u00e2timent avait \u00e9t\u00e9 \u00e9difi\u00e9 par les consuls, o\u00f9 s\u2019ils l\u2019avaient eux-m\u00eames acquis au nom de la communaut\u00e9, avant de le revendre\u00a0; mais l\u2019observation de la base des murs r\u00e9v\u00e8le une fondation datant au plus tard de la fin du XV<sup>e<\/sup> si\u00e8cle.<\/p><p>Les Balbi, devenus au d\u00e9but du XIX<sup>\u00e8me<\/sup> si\u00e8cle marquis de Vernon, conservent la b\u00e2tisse jusqu\u2019en 1947, date \u00e0 laquelle ils la c\u00e8dent au m\u00e9decin-colonel et Mme Legler. Apr\u00e8s la mort de ces derniers, l\u2019\u00e9difice se d\u00e9labre rapidement.<\/p><p>La Communaut\u00e9 de Communes du Canton d\u2019Oust le rach\u00e8te en 1994\u00a0; apr\u00e8s d\u2019importants travaux de restauration, et gr\u00e2ce au soutien financier de l\u2019Union europ\u00e9enne, de l\u2019Etat, de la r\u00e9gion Midi-Pyr\u00e9n\u00e9es, et du d\u00e9partement de l\u2019Ari\u00e8ge, elle y installe un centre d\u2019interpr\u00e9tation du patrimoine, ouvert au public depuis le mois d\u2019ao\u00fbt 2005.<span style=\"font-size: 11.0pt;\"><br \/><\/span><\/p><p><span style=\"font-size: 11.0pt;\"><em><strong>Et de style&#8230;<\/strong><\/em><br \/><\/span><\/p><p>Si le b\u00e2timent arbore des signes d\u00e9fensifs (les tours, l\u2019\u00e9chauguette, les tourelles de l\u2019enceinte), c\u2019est avant tout pour exprimer la noblesse et la puissance de ses occupants\u00a0: le ch\u00e2teau n\u2019est pas une forteresse, mais une belle maison d\u2019habitation, une grande demeure cossue, remani\u00e9e au fil des si\u00e8cles pour r\u00e9pondre aux besoins croissants de confort\u2026 et aux exigences de la mode en mati\u00e8re d\u2019architecture. <\/p><p>Si le corps du b\u00e2timent date sans doute des XVIe et XVIIe si\u00e8cles, certaines fen\u00eatres ont par exemple \u00e9t\u00e9 agrandies au XIXe si\u00e8cle, pour augmenter l\u2019\u00e9clairage des pi\u00e8ces habit\u00e9es. Les ma\u00eetres d\u2019\u0153uvre de l\u2019\u00e9poque ont alors reproduit la forme des ouvertures plus anciennes. De m\u00eame, le d\u00e9cor actuel des pi\u00e8ces du ch\u00e2teau, r\u00e9alis\u00e9 \u00e0 la fin du XIXe si\u00e8cle dans le style n\u00e9o-Empire, t\u00e9moigne autant d\u2019une volont\u00e9 de distinction que de r\u00e9novation du lieu.<\/p><p><span style=\"font-size: 11.0pt;\">\u00a0<\/span><\/p><div>\u00a0<\/div><div>\u00a0<\/div>\t\t\t\t\t\t<\/div>\n\t\t\t\t<\/div>\n\t\t\t\t\t<\/div>\n\t\t<\/div>\n\t\t\t\t\t<\/div>\n\t\t<\/section>\n\t\t\t\t<\/div>\n\t\t","protected":false},"excerpt":{"rendered":"<p>D\u00e9couvrez l&#8217;histoire du Ch\u00e2teau de Seix&#8230; Surplombant les toits du village de Seix, le ch\u00e2teau, avec ses deux tours, son \u00e9chauguette et son mur d\u2019enceinte, est un des \u00e9l\u00e9ments les plus remarquables du patrimoine du Couserans. Quelques si\u00e8cles d\u2019histoire Les plus anciens t\u00e9moignages historiques sur l\u2019occupation du ch\u00e2teau datent du XVI\u00e8me si\u00e8cle. A cette \u00e9poque, [&hellip;]<\/p>\n","protected":false},"author":1,"featured_media":0,"parent":0,"menu_order":0,"comment_status":"closed","ping_status":"closed","template":"","meta":{"ocean_post_layout":"","ocean_both_sidebars_style":"","ocean_both_sidebars_content_width":0,"ocean_both_sidebars_sidebars_width":0,"ocean_sidebar":"","ocean_second_sidebar":"","ocean_disable_margins":"enable","ocean_add_body_class":"","ocean_shortcode_before_top_bar":"","ocean_shortcode_after_top_bar":"","ocean_shortcode_before_header":"","ocean_shortcode_after_header":"","ocean_has_shortcode":"","ocean_shortcode_after_title":"","ocean_shortcode_before_footer_widgets":"","ocean_shortcode_after_footer_widgets":"","ocean_shortcode_before_footer_bottom":"","ocean_shortcode_after_footer_bottom":"","ocean_display_top_bar":"default","ocean_display_header":"default","ocean_header_style":"","ocean_center_header_left_menu":"","ocean_custom_header_template":"","ocean_custom_logo":0,"ocean_custom_retina_logo":0,"ocean_custom_logo_max_width":0,"ocean_custom_logo_tablet_max_width":0,"ocean_custom_logo_mobile_max_width":0,"ocean_custom_logo_max_height":0,"ocean_custom_logo_tablet_max_height":0,"ocean_custom_logo_mobile_max_height":0,"ocean_header_custom_menu":"","ocean_menu_typo_font_family":"","ocean_menu_typo_font_subset":"","ocean_menu_typo_font_size":0,"ocean_menu_typo_font_size_tablet":0,"ocean_menu_typo_font_size_mobile":0,"ocean_menu_typo_font_size_unit":"px","ocean_menu_typo_font_weight":"","ocean_menu_typo_font_weight_tablet":"","ocean_menu_typo_font_weight_mobile":"","ocean_menu_typo_transform":"","ocean_menu_typo_transform_tablet":"","ocean_menu_typo_transform_mobile":"","ocean_menu_typo_line_height":0,"ocean_menu_typo_line_height_tablet":0,"ocean_menu_typo_line_height_mobile":0,"ocean_menu_typo_line_height_unit":"","ocean_menu_typo_spacing":0,"ocean_menu_typo_spacing_tablet":0,"ocean_menu_typo_spacing_mobile":0,"ocean_menu_typo_spacing_unit":"","ocean_menu_link_color":"","ocean_menu_link_color_hover":"","ocean_menu_link_color_active":"","ocean_menu_link_background":"","ocean_menu_link_hover_background":"","ocean_menu_link_active_background":"","ocean_menu_social_links_bg":"","ocean_menu_social_hover_links_bg":"","ocean_menu_social_links_color":"","ocean_menu_social_hover_links_color":"","ocean_disable_title":"default","ocean_disable_heading":"default","ocean_post_title":"","ocean_post_subheading":"","ocean_post_title_style":"","ocean_post_title_background_color":"","ocean_post_title_background":0,"ocean_post_title_bg_image_position":"","ocean_post_title_bg_image_attachment":"","ocean_post_title_bg_image_repeat":"","ocean_post_title_bg_image_size":"","ocean_post_title_height":0,"ocean_post_title_bg_overlay":0.5,"ocean_post_title_bg_overlay_color":"","ocean_disable_breadcrumbs":"default","ocean_breadcrumbs_color":"","ocean_breadcrumbs_separator_color":"","ocean_breadcrumbs_links_color":"","ocean_breadcrumbs_links_hover_color":"","ocean_display_footer_widgets":"default","ocean_display_footer_bottom":"default","ocean_custom_footer_template":"","footnotes":""},"class_list":["post-17","page","type-page","status-publish","hentry","entry"],"_links":{"self":[{"href":"https:\/\/chateaudeseix.fr\/index.php?rest_route=\/wp\/v2\/pages\/17","targetHints":{"allow":["GET"]}}],"collection":[{"href":"https:\/\/chateaudeseix.fr\/index.php?rest_route=\/wp\/v2\/pages"}],"about":[{"href":"https:\/\/chateaudeseix.fr\/index.php?rest_route=\/wp\/v2\/types\/page"}],"author":[{"embeddable":true,"href":"https:\/\/chateaudeseix.fr\/index.php?rest_route=\/wp\/v2\/users\/1"}],"replies":[{"embeddable":true,"href":"https:\/\/chateaudeseix.fr\/index.php?rest_route=%2Fwp%2Fv2%2Fcomments&post=17"}],"version-history":[{"count":4,"href":"https:\/\/chateaudeseix.fr\/index.php?rest_route=\/wp\/v2\/pages\/17\/revisions"}],"predecessor-version":[{"id":98,"href":"https:\/\/chateaudeseix.fr\/index.php?rest_route=\/wp\/v2\/pages\/17\/revisions\/98"}],"wp:attachment":[{"href":"https:\/\/chateaudeseix.fr\/index.php?rest_route=%2Fwp%2Fv2%2Fmedia&parent=17"}],"curies":[{"name":"wp","href":"https:\/\/api.w.org\/{rel}","templated":true}]}}